43 a prime number?
False
Is 37157741479 a prime number?
True
Is 15856720681 a prime number?
True
Is 1936762609 prime?
False
Is 38995287263 prime?
True
Is 194512993 a composite number?
True
Is 17024839049 prime?
True
Is 777703691 composite?
False
Is 2419490321 composite?
False
Is 489187649 a composite number?
False
Is 2440331779 prime?
False
Is 3720337091 composite?
True
Is 53216297941 prime?
True
Is 20192628569 a prime number?
True
Is 39641805367 a composite number?
False
Is 246517969 a composite number?
True
Is 3496697983 prime?
True
Is 2089284389 composite?
False
Is 11045511883 prime?
False
Is 4060964717 a prime number?
False
Is 3849004153 a prime number?
False
Is 513771253 prime?
True
Is 2501230945 composite?
True
Is 424316401 prime?
True
Is 41613890893 composite?
True
Is 4371397091 composite?
False
Is 321458743 composite?
False
Is 27555285131 a composite number?
True
Is 1204208591 composite?
True
Is 97192523 composite?
True
Is 5212457251 a composite number?
True
Is 16841286191 prime?
False
Is 26687813881 composite?
True
Is 127486679759 composite?
True
Is 26646787 a prime number?
True
Is 28524971201 prime?
False
Is 172154317 composite?
True
Is 238434592313 a composite number?
True
Is 14515808927 a prime number?
True
Is 82432693547 a prime number?
True
Is 944466289 prime?
False
Is 66448484033 a composite number?
False
Is 44799837341 a prime number?
False
Is 15291235171 a composite number?
True
Is 110174959 prime?
True
Is 48266384897 a prime number?
False
Is 15407147209 a prime number?
False
Is 4075508809 a composite number?
True
Is 134781675401 a composite number?
True
Is 11085580069 a composite number?
False
Is 240573479 composite?
True
Is 20083840213 a composite number?
True
Is 123979159 a composite number?
True
Is 29003681389 composite?
True
Is 1186569739 a prime number?
True
Is 193896029 prime?
True
Is 87401338471 prime?
True
Is 356550407 composite?
True
Is 23328362 composite?
True
Is 42502127 a prime number?
True
Is 142969840643 composite?
True
Is 93053488951 a prime number?
True
Is 116305320023 composite?
True
Is 25025756003 a prime number?
True
Is 7311153607 prime?
True
Is 30240065881 a composite number?
False
Is 87298763219 composite?
True
Is 1263467497 a prime number?
True
Is 9165727069 a composite number?
True
Is 4053829909 a composite number?
False
Is 5996178583 prime?
True
Is 821112107 a prime number?
False
Is 1493664857 a composite number?
True
Is 8478894737 a prime number?
False
Is 144261226633 a prime number?
True
Is 2436307285 a composite number?
True
Is 2443425617 a prime number?
True
Is 24337595683 a prime number?
True
Is 68162232313 a composite number?
True
Is 392220973 a prime number?
False
Is 88360231573 composite?
True
Is 674457319 composite?
False
Is 97638159037 prime?
False
Is 74751227 a composite number?
True
Is 368523847 a composite number?
True
Is 51390828907 composite?
True
Is 58349836771 prime?
True
Is 4941847753 prime?
False
Is 177596519 prime?
True
Is 1141927093 a prime number?
False
Is 2180742439 a prime number?
False
Is 19675069159 a composite number?
False
Is 25695780703 prime?
False
Is 4033489202 composite?
True
Is 29555748503 a prime number?
True
Is 131269300439 prime?
True
Is 14901151273 a composite number?
True
Is 7410181147 a composite number?
True
Is 4975931041 composite?
True
Is 1348617589 composite?
True
Is 333178757 a composite number?
True
Is 941065259 a prime number?
True
Is 3699273143 a prime number?
True
Is 744216041 a composite number?
False
Is 2161126241 composite?
True
Is 16869742763 a prime number?
True
Is 1990628303 composite?
False
Is 878618381 prime?
True
Is 106944902921 a composite number?
True
Is 48315175773 a composite number?
True
Is 27387973 composite?
True
Is 3685242517 a composite number?
True
Is 25441184653 a composite number?
False
Is 13717681 prime?
False
Is 528722119 composite?
True
Is 1699433921 composite?
False
Is 4360013773 a prime number?
True
Is 25905125273 a composite number?
False
Is 17384606831 a composite number?
False
Is 147312623291 a composite number?
True
Is 16026257083 composite?
True
Is 2476185181 composite?
True
Is 32702261 prime?
True
Is 290617667 composite?
True
Is 9365607373 a prime number?
False
Is 2634015187 prime?
True
Is 5192472559 prime?
True
Is 6906985939 a prime number?
False
Is 7220886137 a composite number?
True
Is 846857729 a composite number?
False
Is 53108642641 prime?
True
Is 671899003 a prime number?
False
Is 628399819 a composite number?
True
Is 133512987 composite?
True
Is 77067095467 prime?
True
Is 32488912167 prime?
False
Is 910412527 composite?
False
Is 52876178371 prime?
False
Is 1729684093 a composite number?
False
Is 30034930399 prime?
True
Is 1112782193 a composite number?
True
Is 27002442991 a prime number?
True
Is 1189202243 prime?
True
Is 202057841 a composite number?
True
Is 43645297 a composite number?
True
Is 14676447217 composite?
True
Is 1036220279 a composite number?
False
Is 21030369167 composite?
False
Is 7956024203 prime?
False
Is 12133315345 a prime number?
False
Is 81962211631 a prime number?
False
Is 2674947887 prime?
True
Is 39377174 a prime number?
False
Is 12010199629 a prime number?
True
Is 1522356841 prime?
True
Is 112365355867 prime?
False
Is 984721007 composite?
False
Is 408027429203 prime?
True
Is 24854686739 a composite number?
False
Is 9785069467 composite?
False
Is 272863501 composite?
True
Is 25895761571 prime?
False
Is 16322305933 a composite number?
False
Is 13627238297 a prime number?
True
Is 397370177 a composite number?
True
Is 284413777 prime?
False
Is 40412123 prime?
False
Is 133642079 composite?
False
Is 3650670011 a composite number?
True
Is 1615986607 composite?
False
Is 930312193 prime?
True
Is 2213433487 prime?
False
Is 17299764509 a composite number?
False
Is 157702606579 composite?
True
Is 51090043499 composite?
True
Is 4404142117 a prime number?
False
Is 87718532795 a composite number?
True
Is 244180423 a composite number?
True
Is 422721479 prime?
False
Is 2082701317 composite?
True
Is 816508639 a composite number?
True
Is 3956144341 prime?
False
Is 15848979343 a composite number?
True
Is 1191204613 a composite number?
True
Is 8427549017 prime?
False
Is 18797887039 a prime number?
False
Is 4695610397 a composite number?
False
Is 32621965594 a prime number?
False
Is 6568874639 prime?
True
Is 5528315473 prime?
False
Is 82107876379 composite?
False
Is 4587640357 prime?
False
Is 27667909 a prime number?
True
Is 13242747457 a composite number?
True
Is 1272024543 composite?
True
Is 1405963483 composite?
False
Is 19716596681 composite?
True
Is 3824393959 prime?
False
Is 3313050329 prime?
True
Is 15058340207 a prime number?
False
Is 48753370651 a composite number?
True
Is 2199242281 composite?
True
Is 1450210547 composite?
False
Is 137604972607 prime?
True
Is 6711991331 a prime number?
False
Is 5419981793 a prime number?
False
Is 740732129 composite?
True
Is 1217063527 a prime number?
False
Is 65393006671 prime?
False
Is 518829131 a prime number?
False
Is 73155676493 a prime number?
True
Is 1929113881 composite?
True
Is 694352977 composite?
False
Is 747788149 prime?
False
Is 47206734893 a prime number?
True
Is 535986589 a composite number?
True
Is 2406511361 composite?
False
Is 1429243007 composite?
False
Is 1116725047 a prime number?
True
Is 951221 a prime number?
True
Is 2750719659 a composite number?
True
Is 1644272471 composite?
False
Is 17598482927 a composite number?
True
Is 2521204403 composite?
False
Is 11151159913 a composite number?
True
Is 4997502119 prime?
False
Is 329450664355 composite?
True
Is 3625882849 prime?
False
Is 595693967 a composite number?
True
Is 478169259 prime?
False
Is 66864579083 a prime number?
False
Is 19793624377 a prime number?
False
Is 761761901 a composite number?
False
Is 92805178 composite?
True
Is 2248304473 composite?
False
Is 15406765573 composite?
False
Is 6117411891 a prime number?
False
Is 73910988161 composite?
False
Is 40055158589 prime?
False
Is 2802533387 a composite number?
False
Is 1692452611 a prime number?
False
Is 51602613947 prime?
True
Is 2372735063 a prime number?
True
Is 2152900489 a composite number?
False
Is 389424283 a prime number?
True
Is 429242579 prime?
False
Is 32856602731 a composite number?
True
Is 855121513 a prime number?
False
Is